the prime factors of y/(-2079) + 83750/54.
3, 11, 47
Let h(y) = 16*y**2 + 2 - 5*y**2 + 2*y - 4. Let r be h(1). Suppose 2*n + 3*k - r = 0, 5*n - 14 = -k + 7. What are the prime factors of n?
2
Suppose 2*y + 0*o - o + 32 = 0, -2*o = 4*y + 80. Let f be 1/((2/y)/1) - -3. Let a = 218 + f. What are the prime factors of a?
2, 53
Let h(q) = -3*q**3 - 227*q**2 - 161*q + 95. What are the prime factors of h(-76)?
19, 953
Let g be (-1 - (-3)/(-6))/((-1)/898). Suppose 3*f - 3*p = 1998, -4*f - 5*p + g = -1290. What are the prime factors of f?
3, 13, 17
Suppose -7*b = -68*v + 67*v - 233722, 0 = -4*b + 3*v + 133536. List the prime factors of b.
2, 3, 5, 7, 53
Suppose -3*i + 932 = -3356 - 29516. What are the prime factors of i?
2, 3, 313
Let y(q) = -q**2 + q. Let b(a) = 4*a**2 - 7*a - 18. Let g(p) = -b(p) - 5*y(p). Suppose 64*s = -27*s - 728. What are the prime factors of g(s)?
2, 3, 11
Let u be -6 + 4 + ((-3)/3 - 21). List the prime factors of ((-1444)/(-6))/((-16)/u).
19
Let h(v) = 2*v**3 + 20*v**2 - 5*v + 13. Suppose 3*p - 5*g + 2 - 1 = 0, 4*p - 6 = 3*g. Let f be (19/p + -3)/((-1)/3). What are the prime factors of h(f)?
3, 7
Suppose -90484 = -1416*v + 1412*v. What are the prime factors of v?
22621
Let p = 23 + -12. Suppose p = 3*b + 4*s, -4*b + 5*s - 27 = -83. Let h(z) = 4*z**2 - 10*z - 25. What are the prime factors of h(b)?
11, 19
Suppose 2*c = 10, p - 66*c + 67*c - 51506 = 0. What are the prime factors of p?
3, 17167
Let w(d) = -65*d + 14. Let n be w(-3). Let k = -137 + n. What are the prime factors of k?
2, 3
Suppose 3*h = -3*i + 23028, -272*i = 3*h - 273*i - 23004. List the prime factors of h.
2, 5, 13, 59
Let x be 2 - ((-6)/3 - 688). Suppose -3*s - 59 = -x. List the prime factors of s.
211
Let d = -4289 - -8532. List the prime factors of d.
4243
Suppose -2*z - q = 1 - 10, 5*z - 19 = q. Suppose -z*d + 4*b + 12 = -12, 2*d + 2*b = 0. Suppose -33 = -3*y - 4*m, 0 = -2*m - 3 - d. List the prime factors of y.
3, 5
Let o(d) = -189*d + 1545. List the prime factors of o(-115).
2, 3, 5, 97
Let a = 42400 - 21246. What are the prime factors of a?
2, 7, 1511
Let l(m) = 72*m + 11. Let u be l(-1). Let h = u - 23. Let v = h + 303. List the prime factors of v.
3, 73
Let n(v) = 10729*v**2 - 7*v - 3. What are the prime factors of n(-1)?
10733
Suppose 9*c - 25 = 2. Suppose c*u + 13 = 19. Suppose -g + 98 = -5*z, g + 3*z + 88 = u*g. List the prime factors of g.
73
Let g(f) = 2247*f**2 + 124*f - 243. List the prime factors of g(2).
17, 23
Let f(q) = 4*q**2 - 18*q - 73. Let d be f(-15). Suppose a = -0*a + d. What are the prime factors of a?
1097
Suppose 36*l = -59*l + 39642 + 216288. What are the prime factors of l?
2, 3, 449
What are the prime factors of (-30)/50*5 + 3157 + 3?
7, 11, 41
Let z = -54 + 85. Let r = -39 + z. Let k(p) = p**3 + 9*p**2 + 6*p - 11. List the prime factors of k(r).
5
Let q = 61 - 90. Suppose 18*t + 30*t = 1584. Let h = q + t. What are the prime factors of h?
2
Let h(n) = 40*n + 38. Let y be h(11). Suppose 8 = 6*t - y. Suppose 4*w = o - 4*o + 304, -w + t = 2*o. List the prime factors of w.
73
Let v(u) = u**3 + 9*u**2 - u - 13. Let r be v(-9). Let j(n) = -8*n**2 + 2*n - 2. Let g be j(r). Let s = -95 - g. What are the prime factors of s?
43
Let y(d) = 4*d**3 - 3*d**2 + 12*d + 9. Let g be y(3). What are the prime factors of (-9)/(g/(-25396)) + (-2)/1?
2, 3, 151
Let x = 64 - 50. Let u(q) = 6*q**2 - 42*q - 11. What are the prime factors of u(x)?
577
List the prime factors of (-6)/1 - (-5 - -5) - (-3226763)/43.
5, 43, 349
Suppose 0 = -b + 850 - 67. Let h = 1400 - b. What are the prime factors of h?
617
Let s be 2 - -1029 - (-6)/(-2 + 4). Suppose z - f = 348, -4*z - 2*f + s = -z. What are the prime factors of z?
2, 173
Let p(f) = 4*f**2 - 12*f + 5. Let k be p(3). Let j be (2 + 54)*(-2 - (-5)/k). Let y = j + 122. What are the prime factors of y?
2, 3, 11
Let b = 291 + -286. List the prime factors of (6256/(-20))/((-2)/b).
2, 17, 23
Suppose -9 = 5*r - 14*r. Let u(m) = m + 7. Let n be u(r). Let i(p) = 22*p + 7. List the prime factors of i(n).
3, 61
Suppose -3*m = -3*q - 2*q - 1707, -3*q - 1021 = -5*m. Let l = q - -574. List the prime factors of l.
2, 29
Let r(a) = 525*a - 5. What are the prime factors of r(1)?
2, 5, 13
Let w = -86 - -192. Let i(t) = -19*t**2 - t + 2. Let f be i(2). Let q = w + f. What are the prime factors of q?
2, 3, 5
Suppose 0 = 11*q - 25*q. Suppose 2*w - 5*l - 399 = -0*w, q = 3*w + 4*l - 633. What are the prime factors of w?
3, 23
Let t(c) = -c**2 - 33*c - 92. List the prime factors of t(-13).
2, 3, 7
Suppose 112 = -5*r + 12*r. List the prime factors of -254*((-8)/r + -1).
3, 127
Let k(m) = 71*m**2 + 400*m + 659. List the prime factors of k(-31).
2, 3, 5, 7, 269
List the prime factors of ((-1)/(-3)*-94)/(-11 - 27952/(-2544)).
47, 53
Suppose -42*n - 24801 = -45*n + 2*c, 0 = -4*n - 2*c + 33054. What are the prime factors of n?
3, 5, 19, 29
Let d(o) = -2331*o - 2257. List the prime factors of d(-8).
37, 443
Suppose 4*q - 49264 = -4*l, -257*q = -l - 255*q + 12319. What are the prime factors of l?
109, 113
Suppose 27*c - 30*c + 69 = 0. Let a = 9 - c. What are the prime factors of -3 - 24/(-7) - 386/a?
2, 7
Let g be 42/(-8)*(-80)/10. Suppose 5*z + 17 = g, 2*z + 165 = 5*u. Suppose 98 = 3*o - 3*c + 5*c, -3*c = o - u. List the prime factors of o.
2
What are the prime factors of ((-63469)/35)/(12/(-60))?
9067
Let s = -82 + 82. Suppose 3*n - 48 + 12 = s. Let h(v) = 2*v**2 - 15*v - 17. What are the prime factors of h(n)?
7, 13
Suppose 21*u = -21*u + 45024. Suppose -21*o + u = -13*o. What are the prime factors of o?
2, 67
Let i = -1552 - -2972. What are the prime factors of i?
2, 5, 71
Let w(j) = -6*j**2 - 16*j + 14. Let s(n) = -4*n - 9*n**2 + 21 - 12*n - 15*n + 7*n. Let c(t) = 5*s(t) - 8*w(t). What are the prime factors of c(5)?
2, 3
Let s be (-45)/6*(-4)/6. Let b = 2314 - 2039. Suppose s*n - 3*f - b = -0*n, n = 2*f + 62. What are the prime factors of n?
2, 13
Suppose 73*v + 1380069 = 280*v. What are the prime factors of v?
59, 113
Let p(a) = 5*a**3 + 7*a**2 - 2*a + 13. Let x be p(5). Suppose 7*r - 2532 = -x. Let o = 492 - r. What are the prime factors of o?
5, 7
Suppose -3*n + 57*n = n + 3157210. What are the prime factors of n?
2, 5, 7, 23, 37
Suppose 3*d + 5*m - 1438 = 0, -2*d = d + 2*m - 1441. Let v = d - 329. Suppose -180 = -4*o + v. What are the prime factors of o?
83
Let d be -3 + (-17)/(-5) - (-3412)/20. Let q = 341 - d. What are the prime factors of q?
2, 5, 17
Let f be 2 + 0 - 0/1. List the prime factors of f/(((-3)/178)/(3/(-4))).
89
Suppose 0 = 374*y - 370*y + 20, 60708 = 2*q + 4*y. What are the prime factors of q?
2, 7591
Suppose 7*b = 5*o + 8*b - 407607, -4*o - 5*b = -326052. List the prime factors of o.
13, 6271
Suppose -4*m - 17 = -4*w + 7*w, 5*m + 13 = -w. Let n be (w - (-2 + 5))*(-38)/3. Suppose -n*o = -72*o - 836. List the prime factors of o.
11, 19
Let x = 1725 + -920. Suppose -2*y + x = -2*t + 3*t, -y + 410 = -t. List the prime factors of y.
3, 5
Let c(z) be the first derivative of 9*z**2/2 + 17*z + 34. Let k be c(-23). Let l = 340 + k. List the prime factors of l.
2, 3, 5
Suppose 2*q + 1038 = 5*q - 2*h, 0 = -2*q - 2*h + 702. Let s(k) = -26*k + 1132. Let c be s(35). Let n = q - c. What are the prime factors of n?
2, 3, 7
Suppose 5*n = 5, 3*d - 4*d - 3*n = -8. Suppose 0 = d*a - 261 - 144. What are the prime factors of (3 + a/(-6))/(3/(-20))?
2, 5, 7
Let i = 1213 - 105. Suppose -r + 1105 = n, 4*n - 2*n + i = r. What are the prime factors of r?
2, 7, 79
Let v(x) = 3*x**2 - 4*x + 201. Let z be v(-33). Suppose z = 120*d - 115*d. List the prime factors of d.
2, 3, 5
Let a(z) = -2*z - 1. Let b be a(1). Let j be ((-16)/(-12) - 3)/(b/18). Let h(g) = -2*g**3 + 22*g**2 - 2*g - 14. What are the prime factors of h(j)?
2, 83
Suppose -5*t + v - 25084 = -282952, -3*v - 154740 = -3*t. List the prime factors of t.
2, 12893
Let k be -9 + 9 + (3/1 - 0). Suppose 582 = k*a - a. What are the prime factors of a?
3, 97
Let d = 2396 + 1058. What are the prime factors of (-69)/92 + d/8?
431
Let c(p) = 7*p - 3 + 13 + 0 + 3*p. Let f be c(-8). Let b = f + 124. What are the prime factors of b?
2, 3
Suppose 61*x + 72*x - 176092 = 0. What are the prime factors of x?
2, 331
Let j(g) = -136*g**3 + 15*g**2 + 35*g + 271. What are the prime factors of j(-7)?
3, 158